et o be ((-9800)/(-7))/8*1/1. Let i = o - 112. Calculate the remainder when 124 is divided by i.
61
Suppose -1076*y + 723216 = -1038*y. Calculate the remainder when y is divided by 47.
44
Let i = 20 + -14. Suppose -38*k + 675 = -35*k. Suppose 14*d = -d + k. What is the remainder when d is divided by i?
3
Let h = -12509 - -12878. Calculate the remainder when h is divided by 179.
11
Let h = 10146 - 10103. What is the remainder when 833 is divided by h?
16
Suppose -4*o + 2*x + 2*x + 604 = 0, 0 = o - 5*x - 167. Suppose -52 = -148*q + o*q. Let s = -14 + 33. What is the remainder when q is divided by s?
14
Let k(u) = 2*u**2 + 14*u + 69. What is the remainder when k(-13) is divided by 2?
1
Let p(c) = -c**3 + 3*c**3 + 17*c - 18*c - 4*c**2 - 2 - 3*c**3. Let a be p(-5). Suppose 3*m = m + a. Calculate the remainder when 67 is divided by m.
11
Suppose 2355*m + 8064 = 2419*m. Calculate the remainder when 196 is divided by m.
70
Let c(b) = -10*b**2 - 332*b + 79. Let d(g) = -g - 1. Let p(n) = -2*n - 13. Let f(q) = 3*d(q) + p(q). Calculate the remainder when c(-33) is divided by f(-13).
47
Let n(s) = -s**3 + 6*s**2 + 2*s + 2. Calculate the remainder when ((-194)/12)/((-125)/750) is divided by n(4).
13
Suppose -5*u - 90 + 555 = 0. Let f be 1260/(-56)*((-7)/5 + -1). Suppose 2*l + 6 = f. What is the remainder when u is divided by l?
21
Suppose 13*g - 622 = -4*h + 11*g, 4*g = -12. What is the remainder when 458 is divided by h?
144
Suppose 155*z - 158*z - 12 = 0, 2*z + 858 = 2*y. What is the remainder when y is divided by 7?
5
Let u be (-10)/2 + 1 + 84/14. Suppose 0 = 3*w - u*j - 88, -6*w + 3*w + 5*j + 94 = 0. What is the remainder when -2 + -1 + (2 - -83) is divided by w?
26
Let i(h) = -17*h - 149. What is the remainder when i(-9) is divided by (-6)/4*20/(-15)?
0
Let o(z) = z**2 - 7*z + 18. Suppose 58*h = 817 + 1887 - 152. Calculate the remainder when h is divided by o(6).
8
Suppose 2462*h + 3017 - 9697 = 2422*h. Calculate the remainder when 894 is divided by h.
59
Let h(c) = -3 - 9 - 50*c + 5 - 1 + 0 - 4*c**2. What is the remainder when 272 is divided by h(-10)?
88
Let i(h) = -h**3 + 29*h**2 + 38*h - 278. Calculate the remainder when i(13) is divided by 68.
64
Let q(m) be the third derivative of -m**6/30 - 7*m**5/30 + 11*m**4/24 + 11*m**3/6 - 49*m**2. Calculate the remainder when q(-5) is divided by 10.
6
Suppose -i + 5*d + 1045 = -111, 5*i - 5680 = 5*d. What is the remainder when i is divided by 4?
3
Let o(f) be the first derivative of f**3/3 + 19*f**2/2 - f + 28. Let s be o(-14). Let b = -2 - s. Calculate the remainder when b is divided by 18.
15
Let d(f) = -225*f + 7115. Calculate the remainder when d(6) is divided by 23.
15
Let m(x) = x**3 + 41*x**2 - 7*x + 1527. Calculate the remainder when 1822 is divided by m(-42).
55
Let f be (1 + 126)*9/9. Let b(c) = c**3 - 2*c**2 + 8*c - 5. Let r be b(4). Let x = f - r. Calculate the remainder when x is divided by 35.
33
Suppose 2*p - 2*d - 68 = 0, 2*p + 126*d - 122*d = 26. Calculate the remainder when p is divided by (1/2)/((-4)/(-112)).
13
Let k = 43 + -142. Let s = 30 - -423. Calculate the remainder when 18/k - s/(-11) is divided by 3.
2
Let n = 135 + -74. What is the remainder when (33 - 816/24)/(2/(-1340)) is divided by n?
60
Let b(d) = 15*d - 572. What is the remainder when (-11)/(-2)*(9 + 5) is divided by b(39)?
12
Calculate the remainder when ((-352)/64)/(10/(-2540)) is divided by 341.
33
Suppose 3*n - 24 = -b - 2*b, -24 = -n - 5*b. Let h(i) = 15*i**2 - 9*i + 9. What is the remainder when h(n) is divided by 72?
69
Suppose 0 = -t - u + 42, 102 = 699*t - 697*t + 5*u. Suppose 6*i = 2*i + 716. What is the remainder when i is divided by t?
35
Suppose -m + 20 + 13 = 0. Let r(f) = -f**2 - 37*f - 32. Suppose 5*d + 3*h + 25 = 0, 2*h - 20 = 15*d - 11*d. What is the remainder when r(d) is divided by m?
29
Suppose -3*v = c - 24, -41 = -5*v + 17*c - 19*c. What is the remainder when 376 is divided by v?
5
Suppose 0 = 5*i - y + 36 + 1, -5*i - 3*y = 49. Let d be (-2)/(-8) - (-374)/8. Let b = i + d. What is the remainder when b is divided by 10?
9
Let k(w) = -w + 3. Let c be k(0). Let r(p) = 6*p**3 - 2*p**2 + 8*p - 4. What is the remainder when r(c) is divided by 55?
54
Let i(x) = 4*x**2 - 150*x + 1076. What is the remainder when 27009 is divided by i(28)?
9
Suppose -5*b + 76 = -7*b. Let m be (b/9 - -4) + 4461/27. Suppose -2*c + 195 - 15 = 4*r, r = 2*c - m. What is the remainder when c is divided by 29?
26
Let g be (-720)/126 - (10/(-14) + 1). Let y be g/9 - 3/((-27)/2085). Suppose -s + r + 74 = 4*r, 4*s - r = y. Calculate the remainder when s is divided by 10.
9
Suppose t + 9 = w, 2*t + 4 = -2*t - 4*w. Suppose o + 103 = 4*o - 5*a, o + 5*a = 41. What is the remainder when (1*(t + 2))/(2/(-46)) is divided by o?
33
Suppose -2*p - 5*l + 120 = 0, -p = 6*l - 3*l - 58. Let x = p - 72. Calculate the remainder when 71 is divided by 1 + x + 2*(1 + 4).
8
Suppose r = -3*h + 6*r + 254, 3*h - 268 = -2*r. Let k = -61 + h. Suppose -5*l + 727 - 189 = 4*b, 0 = 4*b - 8. What is the remainder when l is divided by k?
25
Let u = 94 + -83. Let h(p) = 2*p**2 - p + 20. Let q = 93 - 93. Calculate the remainder when h(q) is divided by u.
9
Suppose 27*b - 630 - 419 = 760. Suppose -5*w - 2*h + 95 = 2*h, -18 = -w - h. What is the remainder when b is divided by w?
21
Suppose m + 5*d + 139 = 5*m, -3*d + 220 = 5*m. Suppose 0 = -c - 3*y + 99, c - 4*y + 190 = 240. Calculate the remainder when c is divided by m.
37
Suppose -87*p = -83*p - 240. Let k(s) = 5*s**2 + s - 11. What is the remainder when k(5) is divided by p?
59
Let m = 10 + -9. Let o(a) = -3*a - 1. Let g(j) = j - 1. Let h(q) = m*g(q) + o(q). What is the remainder when 13 is divided by h(-4)?
1
Let m = 9 + 45. Suppose 2*t = -2*i + 58, 7*t + 4*i + m = 8*t. Calculate the remainder when 63 is divided by t.
29
Let z = 46 - 33. Suppose i + 6 = 5*j - 535, 329 = 3*j - 5*i. Let a = 113 - j. What is the remainder when z is divided by a?
3
Let w(z) = -z**3 + 6*z**2 + 10*z - 7. Calculate the remainder when (-6 - 200/16)/(1/(-18)) is divided by w(7).
11
Let i(s) = -4*s**2 + 7*s + 44. Let u be i(-11). Let f = 556 + u. Calculate the remainder when 117 is divided by f.
0
Let y(r) = -111*r**3 - 11*r**2 - 12*r + 5. What is the remainder when y(-2) is divided by 35?
33
What is the remainder when 654 is divided by (36 + -37)/((-3)/141)?
43
Calculate the remainder when (299/(-39))/((-6)/162*1) is divided by 115.
92
Let f = 38 - 26. Suppose 5*i = -4*x + 95, 104*x - 2*i = 101*x + 31. Calculate the remainder when 495/f - (-1)/(-4) is divided by x.
11
Let x(t) = -23*t - 367. Let r(b) = -3. Let i(n) = 6*r(n) - x(n). Calculate the remainder when i(0) is divided by 35.
34
Let f be 1 + (-2 - (-2 - (-4 - -1))). Calculate the remainder when 85 is divided by (-6 - 16)*f/4.
8
Let y = 8579 - 6907. What is the remainder when y is divided by 25?
22
Suppose -139 = -2*k - 5*h, 0 = -3*k - 0*k - 3*h + 213. Calculate the remainder when 934 is divided by k.
70
Let a = -132 - -157. Let q be ((-5)/(-3))/(a/60). Suppose 0 = 4*f + 5*w - 1 - 212, 3*w = -q*f + 211. Calculate the remainder when 101 is divided by f.
49
Let f = 369 - -318. What is the remainder when f is divided by 15?
12
Let m be -6 - (-1190)/(7 + -2). Let z = m + -159. Let n(t) = -3*t - 4. Calculate the remainder when z is divided by n(-5).
7
Let h = 153 + 15. Suppose -963 + 2003 = 40*w. What is the remainder when h is divided by w?
12
Suppose 116*d = 1749 + 1267. Calculate the remainder when 409 is divided by d.
19
Let f = 2191 + -2021. What is the remainder when 1052 is divided by f?
32
Let s(r) = r**2 - 10*r - 14. Let d be s(12). Let a = 38 + d. Suppose -l + 6 = -1. Calculate the remainder when a is divided by l.
6
What is the remainder when ((-3045)/(-14) - 3)*((-10)/6 - -3) is divided by 10?
6
Let g(a) = -a**2 - 16*a + 17. Let k be g(-17). Suppose k = 12*c - 3655 - 773. Calculate the remainder when c is divided by 53.
51
Let y = 16 - 12. Let r(b) = b**3 + b**2 - 4*b + 1. Let q be r(2). Suppose 4 = y*l, 0 = 3*k + q*l - 94 - 109. What is the remainder when k is divided by 17?
15
Suppose 0 = y + 5*j - 15, -y + 5*y = -3*j + 26. Suppose -y*s + 6 = -34. Let h(b) = 3*b - 18. What is the remainder when 23 is divided by h(s)?
5
Suppose p - 3*q = 1, 4*p - 3*p - q = -9. Let v be (7/